(i).
6
Let q(f) = -39*f**3 + 9*f**2 + 39*f + 19. Let v(r) = -68*r**3 + 19*r**2 + 77*r + 39. Let b(c) = -7*q(c) + 4*v(c). What is b(-10)?
-27
Let q(n) = n**3 + 16*n**2 + 28*n + 16. Suppose 18 = -3*j + 41*h - 38*h, -4*j + 3*h = 32. Give q(j).
16
Let k(x) = 3*x**2 + 21*x + 6. Let o(f) = 2*f**3 + f**2 - 25*f + 3. Let b be o(3). Give k(b).
60
Let n(l) = 174*l**2 - 42*l + 139. Let x(v) = -93*v**2 + 22*v - 74. Let s(t) = -8*n(t) - 15*x(t). Let k = 8 + -11. Calculate s(k).
7
Suppose -4*m + 2*z = 2, 4*z - 4 = -0*m + 2*m. Let v(q) = 42 - 34 - 20072*q**2 + q + 20071*q**2 + q**3. Determine v(m).
8
Let h(q) be the second derivative of 5*q**3/3 - 155*q**2/2 + 818*q + 4. Give h(16).
5
Let n(l) = 14795 - 7*l + 2*l - 29571 + 14784. Suppose 8 = -4*w + 4*c, 2*c = -w + c - 10. Determine n(w).
38
Let j(x) = 17 + 604*x - 4 - 13 - 616*x. Let a(t) = t + 2. Let l be a(-3). Give j(l).
12
Let h(p) be the third derivative of p**4/24 - p**3/2 + p**2. Let f be 2*(-5)/(-2)*(-8)/(-10). Suppose -42 = -5*k - 4*v, -6*k + 3 = -f*k - 3*v. Calculate h(k).
3
Let k(f) = 2*f**2 + 1. Let l(w) = w**3 - 9*w + 3. Let b(r) = -2*k(r) + l(r). Let p = 3 + 3. Give b(p).
19
Let g(t) = 2*t + 35. Let z be g(-10). Suppose 11*j - z*j + 40 = 0. Let l(q) = -11*q - q**2 + 2 + j*q + 9*q. What is l(8)?
2
Let u be ((-30)/18)/((-5)/3). Let r(g) = -10*g**2 + 6*g. Let j be 4/16*4 - -4. Let i(t) = 9*t**2 - 5*t. Let k(q) = j*i(q) + 4*r(q). Calculate k(u).
4
Let q(y) = 3393*y**2 + 3383*y**2 - 6778*y**2. Suppose -5*h - 5 = -3*m, 22 + 9 = 3*h + 5*m. Give q(h).
-8
Let y(d) = d**3 - 8*d**2 + 8*d - 4. Let q be y(7). Suppose 4*o = o + q*x + 15, 5*o - 9 = x. Let k be (-2 - 0/(-3))/o. Let r(p) = p**2 - 2*p - 3. Calculate r(k).
5
Let h(g) = -4 + 17 + 5*g - 4*g + 12*g - 2*g**2 - 4*g. Give h(7).
-22
Let u(i) = 8*i**3 - 2*i - 1. Suppose 14 = -11*p + 4*p. Let h be 13/(-26) - (-1)/p. Give u(h).
-7
Let n be (-11)/(-4) + (2 - -1)/12. Let t(a) = 34*a**2 - 36*a**2 + n*a - 2*a. Determine t(-1).
-3
Let l(o) = 2*o + 20844 + o - 20844. Let q(b) = b + 5. Let j be q(-6). Determine l(j).
-3
Let h(i) be the second derivative of i**3 + 3*i. Let o = 2516 + -2518. Determine h(o).
-12
Let p be (-2253)/(-12) + (-6)/8. Suppose -p*w = -185*w - 22. Suppose -l + w = -2*a, -4*a - 7 = l + 6. Let r(u) = 2*u**2 + 3*u + 4. Calculate r(a).
24
Suppose 4*b + 4*p + 32 = 0, 4*p - 11 + 3 = 0. Let h(i) be the first derivative of 5*i**2 + 4 + 11/3*i**3 + 1/4*i**4 + 3*i. Calculate h(b).
3
Let f(s) = -7*s + 2. Suppose -5*b + 52 = -18. Suppose -18 = -4*d - b. What is f(d)?
-5
Let q(i) = -66*i + 160. Let w(c) = 222*c - 534. Let l(v) = -27*q(v) - 8*w(v). What is l(7)?
-6
Let h(n) = 2*n**2 - 12*n - 38. Let c(y) = -2*y**2 + 9*y + 31. Let k(i) = 7*c(i) + 6*h(i). Give k(-5).
-16
Let x(p) = p**3 + 6*p**2 - p - 16. Let z(c) = 2*c**2 - 3. Let f(w) = x(w) - 4*z(w). Calculate f(3).
2
Let d(o) = -o**3 - 4*o**2 + 10*o + 9. Suppose 0 = 217*a - 247*a - 180. Give d(a).
21
Let h(b) = 2*b + 6. Let l be (13 - 10)*(-13)/(-3). Let d(s) = -6*s - 4 - l - 1 + 0. Let g(w) = -6*d(w) - 17*h(w). Determine g(-7).
-8
Let s be -2 - 110/(-30) - (-45)/(-27). Let n(c) be the third derivative of -1/120*c**6 + 0 - 1/6*c**3 + s*c - 1/12*c**4 - 12*c**2 - 1/60*c**5. Give n(-1).
1
Let f(i) = -22*i**2 + 136*i - 8. Let z be f(6). Let b(m) = m**3 - 14*m**2 - 33*m + 9. Give b(z).
-7
Let s(v) be the second derivative of -v**5/10 - v**4/12 + v**3/2 + 3*v**2/2 - v. Let u = 846 - 842. Suppose -8*l = -10*l - u. Give s(l).
9
Let t = 202 + -168. Suppose -4*p - 22 = -2, 2*p = 4*b + t. Let n(u) = u**2 + 11*u + 1. Give n(b).
1
Let x(h) = -12*h + 26*h - 26 - 13*h + 6 + 27. Calculate x(2).
9
Let k(m) be the second derivative of -m**4/12 - 2*m**3/3 - m**2 + 4*m. Let f be 1/((-60)/(-9) - 7). What is k(f)?
1
Let l = 32353 + -32359. Let o(a) = a**3 + 7*a**2 + 5*a - 6. Determine o(l).
0
Let u(r) = -r**3 + 4*r**2 + 7*r - 7. Let m(p) = -3*p - 75. Let l be m(-26). Suppose -4*i + 2*s = -l*s, s - 29 = -5*i. Give u(i).
3
Let r be 299/(-46)*(-16)/104. Let m(z) = -6*z + 12. Determine m(r).
6
Let o(v) = -17*v - 164 - 165 + 358 + v. What is o(2)?
-3
Let p(a) = a**3 + 7*a**2 + 2*a + 2. Let j be p(-4). Suppose 0*i - 7*i = -j. Let c(h) = h + 4. What is c(i)?
10
Suppose 0 = -5*x - 3*q + 59, 16*x - 5*q = 17*x - 25. Let a(g) = -7 + 6 + x + g + 7. What is a(-12)?
4
Let z(b) be the third derivative of -b**5/60 - b**4/24 + b**3/3 - 3*b**2. Let c(u) = -u**2 + 4*u. Let y be c(4). Let s be 1 + y + -3 - -2. What is z(s)?
2
Let n(x) = -x**2 + 9*x - 8. Let u(o) = -2*o**2 - 33*o + 23. Let b be -2 + 0 + 5 + -1 + -2. Suppose b*t = -t - 17. Let k be u(t). What is n(k)?
10
Suppose -2*z + 20*z = -198. Let g(o) = -31*o - 43. Let n(a) = 11*a + 15. Let m(v) = z*n(v) - 4*g(v). Let q = -6 - 2. What is m(q)?
-17
Let z(a) be the first derivative of -a**2/2 + a - 2054. Let i be 4/(-14) - 8/(-28). Determine z(i).
1
Let t(u) be the third derivative of u**4/12 - u**3 + 115437*u**2. Let d = -7 - -13. What is t(d)?
6
Let z(b) = -b**3 + 28*b**2 - 25*b - 48. Let k(t) = -t**3 + 47*t**2 - 29*t - 755. Let w be k(46). Determine z(w).
6
Let w(q) = -q - 8. Let k(s) be the second derivative of -5*s**3/6 + 141*s**2/2 - 173*s. Let p be k(29). Give w(p).
-4
Suppose 0 = 18*y - 15*y + 21. Let z(k) = k**3 + k. Let t(c) = -6*c**3 - 7*c**2 - c - 6. Let q(s) = -t(s) - 5*z(s). Determine q(y).
34
Let j(v) = -4*v - 291 + v**2 - 30*v + 5*v + 342 + 0*v**2. Determine j(28).
23
Let c(p) = p**3 + 34*p**2 + 72*p + 254. Let g be c(-32). Let n(t) = -8*t**2 + 2*t + 4. Give n(g).
-32
Let v(h) = 10*h**2 - 30*h - 3. Suppose -5*a + 2*o + 13 = 0, 8*a - 2 = 5*a + 7*o. Determine v(a).
-3
Let n be ((-1)/(-2))/(2/8). Let w(q) = -q**3 + 5*q**n + q + 1 - 7 + 7*q. Suppose 2*t - 253*i - 3 = -250*i, 2*t - 6 = 2*i. Calculate w(t).
6
Suppose 15*c - 471 = 1209. Suppose 0 = 10*x - 8 - c. Let b(o) = o**3 - 11*o**2 - 12*o. Calculate b(x).
0
Let q(z) = 24*z. Let a = 229 - 229. Let l(g) = -3*g**2 + g - 1. Let b be l(a). Calculate q(b).
-24
Suppose 29*g = 7*g + 54*g + 64. Let o(c) = -c**3 - 10*c**2 - 20*c - 1. What is o(g)?
7
Let b(m) = -153222 + m - 2*m + 153227. Suppose 0 = w - 0*w - 5. What is b(w)?
0
Suppose 1858 = 15*f - 662. Let k(a) = 168 - 330 + a + f. What is k(0)?
6
Let c(g) = 17*g - 11. Let t(p) = 5*p - 12. Let s(z) = -10*z + 22. Let q(i) = -4*s(i) - 7*t(i). Let j(b) = 2*c(b) - 7*q(b). Calculate j(5).
1
Let o be (72/63)/(34/119). Let c(l) be the third derivative of 0 - 1/6*l**3 + 10*l**2 + 0*l - 7/24*l**o. Give c(2).
-15
Let n be -1*1/(-2)*-2. Let g be (7/(-14))/(n/20). Let t = 18 - g. Let y(o) = o - 1. Determine y(t).
7
Let q(t) = 3*t - 2. Suppose -3*y + 6*y = 2*r + 19, -3*r + 3 = -y. Let i(w) = -w**3 + 9*w**2 + 18*w - 159. Let g be i(y). Determine q(g).
7
Let c(t) = -t**2 - 42*t + 517. Suppose 44*s - 53504 = -53064. Determine c(s).
-3
Let l = -14 + 28. Suppose a - 8*a + l = 0. Let k(h) = 50*h - 2 + 44*h - h**a - 93*h + 0. Give k(0).
-2
Let v(r) = 7*r - 2. Let z(p) = -p**2 + 1. Let b(a) = -4*a**2 - 36*a - 152. Let d(x) = -b(x) + 5*z(x). Let m be d(-4). What is v(m)?
-23
Let l(i) = i + 6. Let n(m) = -11*m - 53. Let t(b) = 10*l(b) + n(b). Determine t(-10).
17
Let l = -17399 + 17399. Let z(o) = o**2 - 7*o + 13. Give z(l).
13
Let g(i) = -5*i**2 - 2*i + 1. Let f(o) = 4*o**2 + 11*o + 56. Let p(q) = f(q) + g(q). Determine p(-4).
5
Let f = -16911 - -37008. Let g(l) = l**2 - 20097*l - 4 + f*l. Give g(0).
-4
Suppose 5*y - 69 = -54. Suppose 0 = -7*g + 2*g + 5*x + 10, -3*g + y = -4*x. Let r be 60/(-5 - 0) + g. Let n(z) = -z**3 - 8*z**2 - 10*z - 9. Give n(r).
12
Let i = -71 + 80. Let l(x) = -1464*x**3 - 1 + 1463*x**3 - 4 + 10*x**2 - 9*x. Determine l(i).
-5
Let p(h) = -40*h - 14. Let r = -15308 + 15304. Calculate p(r).
146
Let y be (2/5)/((-4)/(-15))*2. Let k(t) = 9 + y + 12*t + 9 - 17. What is k(-3)?
-32
Let f(h) = 3*h**2 - 153*h - 3 + h**3 + 312*h - 163*h. Give f(-3).
9
Let a(g) = -5*g**2 + 16*g - 14. Let x(m) = 6*m**2 - 18*m + 15. Let p(w) = -5*a(w) - 4*x(w). Let i(j) = -j**3 + 5*j**2 - 2*j. Let n be i(2). Determine p(n).
10
Let u(g) = g + 2. Let j(v) be the third derivative of v**4/6 + 4*v**3 - 3*v**2 - 3. Let x(n) = -j(n) + 3*u(n). Give x(-15).
-3
Let r(k) = -k - 75. Let a(o) = 3*o + 72. Let q(z) = -3*a(z) - 4*r(z). What is q(20)?
-16
Let n(u) be the third derivative of 1/6*u**3 - 1/4*u**4 + 0 + u**2 + 0*u